What is j(-5)?
10
Let w(x) = 3*x**3 + 4*x**2 + 4*x + 3. Suppose 5*i - 5 = g, -g = -i - 2 - 1. Let m be (-3)/2 - i/4. Let f be (-8)/m*(3 + 28/(-8)). Determine w(f).
-13
Let w(f) = 16*f + 43. Let k(z) = -56*z + 164. Let t be k(3). Let m(u) = 7*u + 22. Let l(s) = t*w(s) + 9*m(s). What is l(0)?
26
Let p(v) = 4*v + 1. Let x(s) = s**2. Let i(h) = -p(h) + x(h). Let u = -6898 + 6903. Give i(u).
4
Suppose -2*z = -2*w + 18, w + 0 - 21 = 4*z. Let v(d) = d**3 + 4*d**2 - d + 5. Let b be v(z). Let t(s) = -s**3 + 8*s**2 + 10*s + 10. Give t(b).
19
Let r(w) = -5 + 47*w + 2 + 2*w**2 - 3 - 42*w + 3. Determine r(1).
4
Let u(h) = h**2 + 22*h + 12. Let y(z) = 20*z**3 + 144*z**2 + 28*z - 9. Let s be y(-7). Give u(s).
-105
Let j(i) = 14*i**2 - 35*i + 9*i + 2 - 49*i**2 + 23*i. Give j(1).
-36
Suppose 5*a + r = -20 + 19, 2*r - 4 = -4*a. Let x(j) = 52*j**2 - 2. Determine x(a).
50
Let p(a) = -3*a**3 + 2*a**3 + 83 + 8*a - 157 + 81 - 3*a**2. Let z be (-2)/(-15) + (-1865)/(-75). Suppose -5*k - 21 = 4*y, 3 = 5*k + 3*y + z. Give p(k).
17
Let m(i) be the first derivative of i**3/3 - 5*i**2/2 - 4*i + 45. Suppose 6*o - 23 - 13 = 0. Give m(o).
2
Let h(b) be the third derivative of -b**5/60 + 5*b**4/12 - 35*b**3/6 + 2*b**2 - 263. Give h(5).
-10
Let i(c) = -2*c**2 + 0*c + 13*c**2 + c**3 - 35267 - c + 35274. What is i(-11)?
18
Let u(k) be the third derivative of -k**4/12 + k**3/2 - 327*k**2. Let f(y) = -y. Let s be f(-7). Let g = 11 - s. What is u(g)?
-5
Let o(m) = m**3 + 2*m**2 - 3*m + 1. Let s(t) be the third derivative of t**4/8 + 19*t**3/2 - 59*t**2. Let h be s(-20). What is o(h)?
1
Let a(x) = -x**2 - 26 - 18688*x + 37381*x - 18677*x. What is a(13)?
13
Let d(s) = -s**2 + 120. Suppose 5*j = 5*m - 35, -8*m = -4*m - 2*j - 36. Determine d(m).
-1
Suppose -44*v = -35*v + 99. Let x(n) = -n**3 - 3 + 16 + 13*n + 7 - 6*n**2. Let w(q) = q**3 + 5*q**2 - 13*q - 21. Let k(m) = 4*w(m) + 5*x(m). Determine k(v).
-6
Let n(i) be the third derivative of i**4/4 + 26*i**3/3 + 2260*i**2. Determine n(-8).
4
Let w(v) be the first derivative of -26*v**2 + 8*v**2 - 28 + 4*v + 17*v**2. What is w(3)?
-2
Let t(n) be the first derivative of n**5/120 - 61*n**3/3 + 26. Let l(o) be the third derivative of t(o). Determine l(4).
4
Let h(n) = -5*n**2 - 1. Suppose 0 = x - 0*x + 3. Let u be ((-126)/30 - x)/(6/(-20)). Let v be (-1 - -2)/(((-24)/(-6))/u). What is h(v)?
-6
Let n = 156 + -166. Let a be (-6)/(-2) - n/(-5). Let t(y) = -15*y**3 - y + 1. What is t(a)?
-15
Let c(g) be the second derivative of g**5/20 - g**4/2 - 7*g**3/3 - 10*g**2 - 516*g + 4. What is c(8)?
-4
Suppose 78*v - 434 - 580 = 0. Suppose 0 = -4*u + 2*p + 60, 2*u + 2*p - 10 = u. Let d = v - u. Let l(x) = 4*x. Give l(d).
-4
Let f(p) = -2*p. Let c be f(-4). Let n(j) = 4*j - 22. Let l be n(c). Suppose -7*i + l*i = 12. Let x(s) = -s**3 + 4*s**2 + 1. Determine x(i).
1
Let d(t) = 47*t - 2214 + 1095 - 29*t + 1099 + t**2. Give d(-20).
20
Let b(w) = -w**2 - 5*w - 3. Let r be b(-3). Suppose -2*c - 2 + 10 = -2*u, 0 = -3*c + 2*u + 10. Let o(i) = -1 + 1 + 4*i + c - 2*i. Calculate o(r).
8
Suppose 3*j + 8 = j. Let i(b) = -16*b**2 + 16*b - 17. Let l(u) = -7*u**2 + 8*u - 8. Let r(p) = j*i(p) + 9*l(p). Give r(-10).
16
Let j(i) = 4*i - 3. Suppose 0 = -7*q + 816 - 263. Let g = -79 + q. Suppose -u + 10*u - 36 = g. Determine j(u).
13
Suppose -5*u - 3 + 8 = 0. Suppose -3*t + 2*p + 139 = 0, -51 - 161 = -4*t - 4*p. Let k(s) = -t*s + 28*s + 25*s - 1. Give k(u).
3
Let w(o) = -3*o + 44654 - 44640 + 4*o. Calculate w(-12).
2
Let l(o) = -734*o - 745*o + 1488*o + 20 - 90. Give l(7).
-7
Let u(x) = -x**2 + x. Let r(a) = -4*a**2 + 9*a - 9. Let i(s) = -r(s) + 3*u(s). Let o be ((-495)/(-81) + -6 + 52/18)*2. Determine i(o).
9
Let o = -3810 + 3804. Let f(l) be the first derivative of l**3/3 + 7*l**2/2 + 2. Give f(o).
-6
Let f(m) be the second derivative of 2*m**3/3 + 3346*m - 2. Let i = 9 - 6. Calculate f(i).
12
Let u(i) = i**3 - 11*i**2 + 4*i + 153. Let x be u(8). Let w(v) = v**3 + 7*v**2 - v + 3. Determine w(x).
10
Suppose 9*y = 4*y. Let p(w) be the second derivative of 4*w**2 - 1/6*w**3 + 0 + 29*w. What is p(y)?
8
Let q(m) = -m - 1. Let b(k) = 2*k + 2. Let i(y) = -4*b(y) - 9*q(y). Let w be i(-1). Let u(g) = 1 - 9*g + 0*g + 5*g + w*g. Determine u(-2).
9
Let h(r) = -r**3 + 3*r**2 + 3*r - 6. Let b = -34 - -37. Suppose m + 3*m + 2*q = 22, b*m - 18 = -3*q. Suppose 0 = 6*o - m - 19. Determine h(o).
-10
Let s(q) be the first derivative of -q**3/3 + q**2 + 77*q + 2438. What is s(0)?
77
Let d(h) be the third derivative of -h**4/3 + 7*h**3/3 - 115*h**2 - 2*h. What is d(1)?
6
Suppose 3*a + 24 - 18 = 0. Let h be 2 + (9 + a)/(-1). Let f(u) be the third derivative of u**5/60 + 5*u**4/24 - u**3/2 + 3*u**2. What is f(h)?
-3
Let n(t) = t**2 + 3*t + 4. Let z be (-3)/2*-14 + -7. Suppose -z*r = -35 + 91. Give n(r).
8
Let d(w) be the first derivative of -13 - 7/3*w**3 - 3*w**2 + 0*w - 1/4*w**4. What is d(-4)?
-24
Let o(v) be the second derivative of v**5/20 + 2*v**4/3 + 3*v**3/2 - 17*v**2/2 + 4111*v. Calculate o(-5).
13
Suppose 31*k - 187 - 216 = 0. Suppose 16 = k*o - 21*o. Let g(d) = -2*d. Give g(o).
4
Let f(c) = 30587*c**3 - 30589*c**3 - 2 - 4 + 2*c**2 + 2*c + 3. Calculate f(-3).
63
Let c(p) = -p**3 - p**2 + p - 6. Let b = 2991 + -2991. What is c(b)?
-6
Let s(k) = -14*k + 1. Let w(d) = d**3 + 9*d**2 - 10*d + 3. Let y be w(-10). Suppose -y*z - 5 = -8*z. Suppose 4*o + z = 5. What is s(o)?
-13
Let c(u) = 3*u**2 - 77*u + 482. Let g be c(15). Let b(v) be the second derivative of -28*v + 0 - g*v**2 + 1/6*v**3 + 1/6*v**4. Give b(-3).
11
Let b = 23 - 21. Suppose 5*n = -3*p + 3*n - 6, 3*p - b*n + 18 = 0. Let w(g) = 10*g**2 + 13*g**2 - 5*g - 36*g**2 + 12*g**2. Determine w(p).
4
Suppose 0*u - 2*u + 8 = 0. Suppose -u*w + 10 = -9*w. Let a be w/(-5) + 7/((-140)/8). Let k(r) = -r**2 + r - 1. Determine k(a).
-1
Let o = 3 + 2. Let d be 1/2*-2*(-22 + 12). Let l(v) = -8 + 2 + 13*v - d*v. Calculate l(o).
9
Let j = 12234 - 12229. Let r(w) be the third derivative of -1/120*w**6 + 0*w**4 + 0*w - 1/30*w**j - 24*w**2 + 1/6*w**3 + 0. Calculate r(-1).
0
Let i(f) be the third derivative of 38*f**2 + 7/6*f**3 - 1/24*f**4 + 0*f + 0. Suppose -5*p = 3*t + 9, 0 = 4*p + 4*t - 3*t + 3. Determine i(p).
7
Suppose -2*b - t + 3*t + 32 = 0, -t + 10 = b. Suppose -3*j = -16 + b. Let k(i) = -i**3 + 1 + 2*i**3 + 1 + j. Calculate k(0).
3
Let g(n) = -n**3 - 9*n**2 + 11*n + 15. Suppose -35 = -7*j + 2*j. Suppose -2*i - 3*h = 11, -45 = 3*i + 2*h - j*h. Determine g(i).
5
Let r(x) be the first derivative of x**2 - 8*x + 1. Suppose 0 = 5*w - 2*p - 88, -p = 73 - 74. Let z be -3*6/w*-7. Calculate r(z).
6
Let y(f) = -f**3 - 9*f**2 - 8*f + 7. Let l = -64 + 263. Suppose 0 = 32*c + l + 25. Calculate y(c).
-35
Let b = 871 - 534. Let f = -337 + b. Let y(w) = w**3 + w - 4. Calculate y(f).
-4
Suppose 0 = -4*t - 20, -2*x = 8*t - 10*t - 40. Suppose -9 = -3*j - x. Let u(v) = -15*v. What is u(j)?
30
Let n(m) = -2592 - m**2 + 675*m - 674*m + 2596. Calculate n(0).
4
Let y(i) be the second derivative of -i**4/12 + 7*i**3/3 + 16*i**2 - 1554*i. What is y(16)?
0
Let h(g) = g**3 - 15*g**2 + 25*g + 30. Let y(o) = 2*o**3 + 16*o**2 - 2*o - 143. Let u be y(-6). What is h(u)?
17
Suppose 0*l - 8 = 4*l, -2*m + 6 = -l. Let r(c) = 49*c**3 + 40*c**3 + 0*c - 90*c**3 + 6*c**m + 5*c - 7. Determine r(7).
-21
Let z be 2/10 - (-8)/10. Let m(k) = -70*k**2 + 116*k - 12. Let r(d) = 6*d**2 - 10*d + 1. Let u(g) = 2*m(g) + 23*r(g). Calculate u(z).
-1
Let y(p) = -p**2 + 12*p + 23. Let z = 6352 - 6339. Determine y(z).
10
Let f(d) be the third derivative of -d**5/60 + d**4/24 - 2*d**3/3 - 2*d**2 - 440. What is f(6)?
-34
Let b(u) = 2*u**2 - 5*u + 18. Suppose 24 = -597*w + 603*w. Calculate b(w).
30
Let j(y) = 2 - 4*y + 5 + 3 - 13*y**2 - 8. Let p(b) = -3*b**2 - b. Let k(w) = 2*j(w) - 9*p(w). Calculate k(0).
4
Let r(f) = -f + 8 + 0 + 2. Let c be 1/(-3) + ((-119938)/(-42))/(-13). Let q = c + 227. Determine r(q).
3
Let v be ((-4)/(-8))/((-1)/16). Let u(r) = 22*r**3 - 27*r**2 + 9*r + 20. Let z(h) = 13*h**3 - 18*h**2 + 4*h + 11. Let s(l) = 3*u(l) - 5*z(l). Give s(v).
13
Let m(p) = 34 - p**2 - p**3 - 18 - 21. Let o be 3 - 5 - (2 + -6). Let v be (-4)/20 + o/10. Determine m(v).
-5
Let a be -2*(-14)/(-7) + -1 + -1. Let k(l) = -11*l - 40. Let v(c) = -2*c - 7. Let b(f) = a*k(f) + 34*v(f). Give b(3).
-4
Let w(l)